
True
Is 2446721 a composite number?
True
Is 788453 a prime number?
False
Is 76122269 a composite number?
True
Is 1078787 a prime number?
True
Is 14269621 a prime number?
True
Is 16158787 a prime number?
True
Is 2265517 prime?
True
Is 21574369 composite?
False
Is 54126973 a composite number?
True
Is 944483005 prime?
False
Is 465167041 prime?
False
Is 55593431 composite?
False
Is 1024565 a composite number?
True
Is 11127131 a composite number?
False
Is 61459531 a composite number?
True
Is 469989629 prime?
False
Is 126200531 prime?
False
Is 3698059 prime?
False
Is 7563669 prime?
False
Is 167330689 prime?
True
Is 3112511 composite?
True
Is 1732741 composite?
True
Is 3073067 a composite number?
False
Is 613627379 composite?
False
Is 7854829 prime?
True
Is 1168919 composite?
False
Is 46947037 a prime number?
False
Is 359862341 a prime number?
False
Is 1350541 prime?
True
Is 91600291 a composite number?
False
Is 11257501 a composite number?
False
Is 87750133 composite?
False
Is 26855887 a prime number?
False
Is 3604805 prime?
False
Is 3567689 a prime number?
False
Is 56064241 a composite number?
False
Is 57248143 prime?
False
Is 258489969 prime?
False
Is 9014231 a composite number?
True
Is 3662239 a prime number?
False
Is 1572715 a prime number?
False
Is 61126291 a composite number?
False
Is 658573 prime?
True
Is 7210087 a composite number?
True
Is 19340969 composite?
True
Is 10899101 a prime number?
True
Is 2330191 a prime number?
True
Is 742263 prime?
False
Is 731359 a composite number?
False
Is 45670049 a prime number?
True
Is 28002659 a prime number?
True
Is 7813691 composite?
False
Is 64552151 a composite number?
False
Is 113192897 composite?
False
Is 1345271 prime?
True
Is 18676705 prime?
False
Is 8601127 composite?
True
Is 83903867 a composite number?
True
Is 12959903 composite?
True
Is 32469863 a prime number?
True
Is 616669 prime?
True
Is 298283 a prime number?
True
Is 4611601 a prime number?
True
Is 313879 prime?
True
Is 538123 a prime number?
True
Is 264042491 composite?
False
Is 525252829 prime?
True
Is 486757 a composite number?
False
Is 552760953 prime?
False
Is 1351145 prime?
False
Is 38649883 prime?
True
Is 2696189 composite?
False
Is 43532497 a prime number?
True
Is 474737 prime?
True
Is 28315663 a prime number?
True
Is 43235747 a composite number?
True
Is 7818682 composite?
True
Is 18647107 a composite number?
False
Is 36628783 prime?
False
Is 7558943 prime?
False
Is 7388779 composite?
False
Is 69522393 a prime number?
False
Is 5360089 prime?
False
Is 14477803 prime?
True
Is 1403807 prime?
True
Is 1299979 composite?
False
Is 1143847 a composite number?
True
Is 25413329 a prime number?
True
Is 394027 prime?
False
Is 112137109 a composite number?
True
Is 58319 prime?
False
Is 1997029 a composite number?
False
Is 60170431 prime?
True
Is 51749 composite?
False
Is 126453133 composite?
False
Is 11524841 prime?
False
Is 12202639 a composite number?
False
Is 8045087 prime?
False
Is 284803 prime?
True
Is 16560374 prime?
False
Is 204205685 a composite number?
True
Is 2480267 prime?
True
Is 1051129 prime?
False
Is 37106477 a composite number?
True
Is 40524983 a prime number?
False
Is 358898869 a composite number?
True
Is 59256583 prime?
True
Is 47176089 prime?
False
Is 78572869 a prime number?
True
Is 108075197 composite?
True
Is 3751207 a prime number?
True
Is 838105 composite?
True
Is 13558453 prime?
False
Is 117662327 prime?
False
Is 21250201 a prime number?
False
Is 1327343 a prime number?
False
Is 234843277 a prime number?
True
Is 61251053 prime?
True
Is 8010901 prime?
True
Is 16565001 composite?
True
Is 9618817 composite?
True
Is 1312261 a prime number?
False
Is 2742319 a composite number?
True
Is 92106023 prime?
True
Is 35254705 composite?
True
Is 794221 composite?
False
Is 29345807 composite?
True
Is 129426197 a prime number?
True
Is 246511 prime?
True
Is 724578443 a prime number?
True
Is 5005405 prime?
False
Is 13852951 a prime number?
False
Is 9763115 a composite number?
True
Is 331207 a composite number?
False
Is 46619759 a composite number?
False
Is 26089991 a composite number?
True
Is 34709929 a composite number?
False
Is 535839793 prime?
False
Is 4075109 a composite number?
True
Is 18026753 prime?
True
Is 4685363 prime?
False
Is 2533417 prime?
True
Is 2436337 a composite number?
True
Is 60999 composite?
True
Is 1704841 composite?
False
Is 30578747 prime?
False
Is 25195661 prime?
True
Is 4414591 composite?
False
Is 47215731 a composite number?
True
Is 159301601 a prime number?
True
Is 6921493 composite?
False
Is 10655501 composite?
False
Is 22647269 a prime number?
False
Is 18735637 prime?
True
Is 238870637 prime?
True
Is 119440577 a prime number?
True
Is 81686806 prime?
False
Is 5791549 composite?
False
Is 4389449 a composite number?
False
Is 8629955 prime?
False
Is 124981763 a prime number?
True
Is 9554873 prime?
False
Is 43348807 prime?
True
Is 111009107 prime?
False
Is 18404561 composite?
True
Is 284305947 a composite number?
True
Is 1554559 a prime number?
True
Is 830560879 prime?
True
Is 10933523 composite?
True
Is 166194701 composite?
False
Is 3245363 a prime number?
False
Is 12618491 a prime number?
False
Is 913517 a composite number?
True
Is 1042459021 a composite number?
False
Is 4312079 composite?
False
Is 9819877 a composite number?
False
Is 446179 composite?
False
Is 759673 a prime number?
True
Is 89305027 composite?
True
Is 13027051 a prime number?
True
Is 1419749 a composite number?
False
Is 2549549 prime?
False
Is 1187309 composite?
False
Is 3170459 prime?
True
Is 75254527 a prime number?
False
Is 3613751 composite?
True
Is 458231 a prime number?
False
Is 6150489 a composite number?
True
Is 234817679 a prime number?
True
Is 4178091 composite?
True
Is 503039 a composite number?
False
Is 32081689 a prime number?
True
Is 112729151 composite?
False
Is 13254307 prime?
False
Is 4521109 a prime number?
False
Is 39791957 a composite number?
False
Is 5191129 composite?
False
Is 17349029 a prime number?
True
Is 2827961 a composite number?
False
Is 16001593 composite?
False
Is 27468797 a composite number?
False
Is 8562167 a composite number?
False
Is 438482173 prime?
False
Is 2654011 composite?
False
Is 3332309 prime?
False
Is 230415763 a composite number?
False
Is 12838877 a prime number?
True
Is 34503767 composite?
True
Is 3892729 a prime number?
False
Is 414947321 a prime number?
True
Is 277245023 composite?
True
Is 4001999 prime?
True
Is 7469993 prime?
True
Is 28332539 composite?
False
Is 2829041 prime?
False
Is 70937 composite?
False
Is 49259669 a composite number?
False
Is 33563501 composite?
False
Is 91529651 prime?
False
Is 95610101 composite?
False
Is 3716023 a composite number?
True
Is 49909499 a composite number?
False
Is 212249801 a composite number?
True
Is 13840823 a composite number?
True
Is 58330022 a prime number?
False
Is 7286621 a composite number?
False
Is 62953817 composite?
False
Is 334061621 a composite number?
False
Is 2124887 a composite number?
False
Is 1126373 a composite number?
True
Is 29760481 prime?
True
Is 884837 composite?
True
Is 565440401 prime?
False
Is 157243769 a prime number?
False
Is 1528399 prime?
True
Is 5250893 composite?
True
Is 518137735 prime?
False
Is 863299 a composite number?
False
Is 664087 prime?
False
Is 61386119 composite?
True
Is 32207999 a composite number?
False
Is 18574367 composite?
True
Is 23264257 a composite number?
True
Is 56523641 prime?
True
Is 47131849 a prime number?
False
Is 818025811 a prime number?
True
Is 2327183 composite?
False
Is 288539695 a composite number?
True
Is 14275867 composite?
True
Is 657649 a prime number?
True
Is 125861791 a prime number?
False
Is 106093 composite?
True
Is 19837847 a prime number?
False
Is 1380377 composite?
False
Is 2037758 composite?
True
Is 745219 composite?
True
Is 95444585 a composite number?
True
Is 115109 a prime number?
False
Is 9305479 a prime number?
True
Is 2563097 composite?
True
Is 23080139 prime?
True
Is 10666039 a composite number?
True
Is 12873467 composite?
True
Is 7210343 a prime number?
False
Is 5018423 prime?
False
Is 799481359 composite?
False
Is 41448811 prime?
True
Is 10744949 a prime number?
True
Is 72049753 a composite number?
False
Is 4747849 a composite number?
True
Is 822479 a composite numbe